).
1
Let h(d) = -3*d**3 - d**2 - 3*d - 2. Let q be h(-1). Let x(j) = 49*j + 57*j + 14*j**q - 107*j - j**2. What is x(-1)?
-14
Let c = -173 + 178. Suppose 2*f = -5*a - 23, 4*f + c - 1 = 4*a. Let m(h) = h**3 + 4*h**2 + 2*h - 5. Calculate m(f).
-13
Let z be (4 + -5)/(-19 + 15). Let a(k) be the first derivative of 5/3*k**3 - 19 + z*k**4 - 4*k + 0*k**2. Determine a(-5).
-4
Let q(g) = g**2 + 13*g + 11. Let j be q(-12). Let i(o) = -2*o**2 - 2*o. Let c be i(j). Let h(y) = -8*y + 4*y - 8 + 3 + 3*y. Give h(c).
-5
Let b(l) = -7*l**2 + 2. Suppose -4*v + 3*v + 4*n = 10, 0 = -4*n + 12. Suppose -v*t - 3*s = -5, 0 = -2*t - 2*s + 3*s - 7. Determine b(t).
-26
Let i = -24908 - -24912. Let n(y) = y**3 - 2*y**2 - 9*y + 7. Determine n(i).
3
Let j = 24527 - 24521. Let o(u) be the first derivative of -u**4/4 + 5*u**3/3 + 5*u**2/2 + 4*u - 2. Calculate o(j).
-2
Let v(f) = f**2 - 5*f. Let o be 2*-14*(-1)/2. Let z be -6 + (-352)/(-56) + (-4)/o. Suppose -7*x + 4*x + 12 = z. Give v(x).
-4
Suppose 3*r + 5*s = -100, -r + 13 - 53 = 5*s. Let f = r - -22. Let m(k) be the third derivative of -k**5/60 - 3*k**4/8 - 7*k**3/6 - k**2. What is m(f)?
1
Let o = -17 + 21. Let q(h) = -h**3 + 3*h**2 + 6*h - 4. Let v be q(o). Let x(m) be the second derivative of m**4/12 - 2*m**3/3 - 2*m**2 - 10*m. Calculate x(v).
-4
Let u(n) = n**3 + 7*n**2 - 12*n - 20. Let s be u(-8). Suppose 4*r - s = 10*r. Let o(q) = 2*q**3 + q**2 - q + 2. What is o(r)?
-8
Let w = 1206 + -896. Let c = -679 + 979. Suppose 0 = a - w + c. Let f(j) = j**3 - 11*j**2 + 8*j + 13. Give f(a).
-7
Suppose 759 - 2175 = -752*i + 280*i. Let m(z) = -z**2 + z - 1. Let x(o) = -2*o**2 + 4*o - 2. Let h(b) = 3*m(b) - x(b). Give h(i).
-13
Let x(c) = 3*c + 19. Let j be x(-5). Suppose 2 = j*n + h - 21, -4*n + 27 = -3*h. Let u(s) = s**2 - 13 + n*s - s + s - 13*s. Calculate u(9).
5
Let a be (2/11)/((-17)/(-187)). Let h(m) = 2*m + 4*m - 6 + 6 + a. Calculate h(2).
14
Let b(n) = 40 - 18*n**2 - n + 41 - 81. Let a be (-5 + 3 - -8) + (-3 - 4). Determine b(a).
-17
Let w(z) = z**2 + 6*z + 1. Suppose 2*l + 91 + 51 = 4*x, 3*l + 178 = 5*x. Let o = -33 + x. Suppose 2*k = 6*k + 12, 3*v + o*k = -18. Give w(v).
-7
Let x(a) be the third derivative of -a**6/120 + a**5/10 + a**4/8 + a**3 - a**2 + a - 142. What is x(5)?
46
Let s(c) be the second derivative of 7*c**3/6 + 53*c**2 + 8*c + 26. What is s(-15)?
1
Let a(m) = -6*m - 4048 + 1998 + 2015. Determine a(-7).
7
Let v(u) = -7*u**2 - u + 21. Let r(j) = 2*j**2. Let t(p) = 4*r(p) + v(p). Let w be -6*((-11)/(-3) + -4). Let y be (-1)/w - (-13)/26. What is t(y)?
21
Let r be 0 - (-2)/(4/(-6)). Let i(w) be the third derivative of -w**5/40 - w**4/12 - 17*w**3/6 + w**2 + 28. Let s(c) be the first derivative of i(c). Give s(r).
7
Let w = 130 - 114. Suppose -3*r + 25 = w. Let u(d) = -d**2 + 3. Determine u(r).
-6
Let y = 6626 - 6626. Let v(z) = -8*z + 23. Calculate v(y).
23
Let j(t) be the first derivative of 2*t**3/3 - 5*t**2/2 + 2*t + 4. Let z be (1 - 4)*1/((-9)/129). Let v = z + -40. Give j(v).
5
Let b(g) = -7*g. Suppose d + n - 3 = 0, 4*d + 0*n - 5*n + 6 = 0. Suppose 5*p - 67 = -4*t + 40, -5*t + 190 = -5*p. Let f be d - (-2)/5 - t/(-55). What is b(f)?
-14
Let j = 3663 + 2856. Let y(l) = j - 3267 - 3262 - 6*l**2 + l**3 - 6*l. Give y(7).
-3
Let u be -1 + (5 - 5 - -31). Suppose -7*j - 16 + u = 0. Let n(h) = h**2. What is n(j)?
4
Suppose 0 = s - 3*u - 17 + 55, 4*s + u = -113. Let w(z) = -z**2 - 30*z - 32. Let b be w(s). Let i(g) = -3*g**2 - 2*g - 2. Determine i(b).
-23
Let i(u) = 55 + 804*u - 805*u - 60 + 2*u**2. Give i(4).
23
Let b(l) be the third derivative of -l**7/840 + l**4/24 - 28*l**3/3 - 46*l**2. Let i(y) be the first derivative of b(y). Calculate i(-2).
9
Suppose -28*z - 24 = -19*z - 5*z. Let i(l) be the second derivative of -l**3/6 - 6*l**2 - l. Give i(z).
-6
Let m(p) = -17*p + 12. Let u(y) = -46*y + 35. Let c(t) = 11*m(t) - 4*u(t). Let h be 741/52 + (-1)/4. Suppose w = 4*v + h, 0*w + 3*w + 3*v = -33. Give c(w).
10
Let v(g) = 5 + 5*g**2 + 0*g**3 - 7*g - g**3 + 0*g**2. Let a be v(4). Let o(w) = -35*w**2 - 34*w**2 + 10*w - 30*w**2 + 100*w**2 - 75 + 81. What is o(a)?
-15
Let k(q) = -q**3 + 7*q**2 + 3. Let j(z) = -z**2 - 12*z - 20. Let c be j(-9). Give k(c).
3
Let r(c) = 3*c + 5. Let t be 1 + -84*(33/12 + -2). Let k be -8 + 165/20 + t/(-8). Let i be 4/k*(1 + 9). Calculate r(i).
20
Let y(j) be the third derivative of j**6/120 + j**5/30 - 5*j**4/24 - j**3/2 - 2870*j**2. Suppose 0 = -5*b + 11 + 9. Let l be (b + 2)*(-1)/2. Calculate y(l).
3
Let d(y) be the first derivative of 3*y**2 - 2*y + 8315. Let n = 8 + -14. Calculate d(n).
-38
Let a(l) = -3*l**2 + 5*l**2 + 15*l + 10 - 4*l**2. Suppose 6*h - 72 = -3*h. Let k be a(h). Let n(q) = -3*q + 1. Determine n(k).
-5
Let l(k) = -112 + 5*k**2 - 29*k**2 - 16*k + 13*k**2 + k**3 + 6*k**2 + 118. Calculate l(8).
70
Let x be (-1*(13 + 2 - 15))/(-4). Let m(n) = 0*n**2 + 2*n + n**2 - 3*n + 19. Determine m(x).
19
Let y(z) be the first derivative of 1/2*z**2 - z**3 + 58 - 2*z. Calculate y(2).
-12
Let z(y) be the second derivative of y**5/20 + 7*y**4/3 + 53*y**3/6 + 15*y**2 + 4677*y. What is z(-26)?
4
Let q = -322 - -240. Let o = q + 80. Let d(y) = y**3 + 3*y**2 + 2*y - 4. Determine d(o).
-4
Let b = 152 + -153. Let s(i) = -10*i**2 - 12*i - 2. Give s(b).
0
Let m be 24 - (0 + 4 - 8). Let s(w) = -33 + 51 - m - 6*w. Determine s(-7).
32
Suppose -5*q = -6*q + 1. Let t(c) = -c**2 + 5*c - 4. Let y(g) = -2. Let p(f) = q*t(f) - y(f). Give p(7).
-16
Suppose -4*j - 3*j = -3*j. Suppose -2*a + 2*u = -226, 3*a + 7*u - 2*u - 371 = j. Let k(i) = 3*i + 57*i**2 - a*i**2 + 56*i**2. Give k(2).
-10
Let i(a) be the second derivative of -5*a**3/6 + 31*a**2 - 4832*a. What is i(15)?
-13
Suppose -2*g + m = -31, -9*m + 38 = 2*g + 37. Let p(c) = 17*c - 236. What is p(g)?
2
Let j(o) = -o**2 - 2. Let d = -18 + 20. Suppose -19 = 4*g - i, d*i + 7 = -g - 0*g. Let n(z) = z**3 + 4*z**2 - 6*z - 8. Let u be n(g). Calculate j(u).
-11
Let b be (-3)/(6/14) - 1. Let j(n) = -7*n**2 - 260 + 0*n**2 + 8*n**2 + 8*n + 136 + 130. What is j(b)?
6
Suppose -2342 = -6*f - 308. Let s(w) = 2 + f*w - 177*w - 5*w**2 - w**3 - 164*w. Determine s(-2).
-6
Let k(p) be the second derivative of p**5/20 + p**4/6 - 2*p**3/3 + 2*p**2 + 87*p - 55. What is k(2)?
12
Let j(n) = -n + 1. Let t(b) be the first derivative of b**4/4 - 10*b**3/3 - 3*b**2/2 + 9*b + 50. Let r(x) = -j(x) + t(x). What is r(10)?
-12
Let v(j) = j**2 - 12*j + 15. Suppose -37 = -26*d + 119. What is v(d)?
-21
Suppose 5*y + 13*u + 117 = -17, 16 = -4*y + u. Let i(z) = 4*z**2 + 7*z - 3. What is i(y)?
99
Suppose 2*y - 2*n + 29 = 7*y, -5*n - 10 = -4*y. Suppose 2*z = 1 + y. Let p(g) = 5 - 11*g - z + 3*g + 0. What is p(-2)?
18
Let f(w) = 7*w + 54. Let d = -4845 - -4834. Calculate f(d).
-23
Let l(k) be the third derivative of k**4/8 + 13*k**3/3 + 1726*k**2. Calculate l(-13).
-13
Let p(d) be the third derivative of -d**6/120 + d**5/15 + 5*d**4/24 - d**3 + 515*d**2. Let g be (-10)/(9/(4 - 7) - -1). Determine p(g).
-6
Let s(m) = m**2 + 8*m + 7. Let g(n) = -5*n**3 + 2*n**2 - 2*n + 1. Let t be (20/40)/((-1)/(-2)). Let y be g(t). Let k be y/12 + (-34)/6. What is s(k)?
-5
Let v(b) = 3720*b**2 - 6*b - 3716*b**2 + 7 + 8*b + 5*b. What is v(-1)?
4
Let l(y) be the third derivative of 5*y**4/6 + 83*y**3/3 - 14*y**2 + 6*y - 4. Give l(-8).
6
Let p(z) be the second derivative of -z**4/12 + 3*z**2/2 - z. Let l(o) = -o + 4. Let m be l(4). Suppose m = 19*k + 25 + 13. What is p(k)?
-1
Let t = 176 - 175. Let z(r) = -29*r**3 + 2*r**2 - 3*r + 1. Determine z(t).
-29
Let q(l) = -17*l + 408. Let y be 18 + (-3)/((-63)/(-2)) + 8448/1386. What is q(y)?
0
Let c(t) = 7*t**3 - 2*t + 3. Let i(l) = 4*l**3 - l**2 + 1. Let f(z) = c(z) - 2*i(z). Calculate f(4).
-39
Let a(b) = 20*b**2 - 88*b - 65. Let j be a(5). Let k(t) = -2*t**2 - 12*t - 13. Give k(j).
-3
Let n(m) be the second derivative of m**4/3 + 2*m**3 - 7*m**2 - 5*m - 7. Let l(q) = -q**2 - q + 4. Let r(y) = 5*l(y) + n(y). Determine r(7).
6
Suppose 31*u - 21*u = 80. Let b(a) = 18*a**2 - u - 9*a**2 + 14 - 11*a**2 - 5*a. Give b(-4).
-6
Let l be (6/(-21))/(506/(-84) + 6). Suppose 93 = -l*u - 27. Let z(f) = 1. Let r(j) = j + 1. Let d(p) = -r(p) - 4*z(p). Give d(u).
5
Let j = 8173 - 8167. Let a(x) = x**3 - 11*x**2 + 29*x + 20. Give a(j).
14
Let v(a) = 781*a**2 + 3*a**3 - 6 - 787*a*